823192 is divided by 90?
62
Calculate the remainder when 334759 is divided by 1875.
1009
What is the remainder when 1016292 is divided by 113?
83
Calculate the remainder when 78965717 is divided by 5.
2
What is the remainder when 126662 is divided by 31429?
946
What is the remainder when 589408 is divided by 270?
268
What is the remainder when 24676749 is divided by 26?
19
Calculate the remainder when 298887 is divided by 5835.
1302
Calculate the remainder when 317054104 is divided by 105684696.
16
Calculate the remainder when 5445512 is divided by 37816.
8
What is the remainder when 740605 is divided by 1034?
261
What is the remainder when 5298 is divided by 9?
6
Calculate the remainder when 1500205 is divided by 2011.
2010
What is the remainder when 333080 is divided by 13?
7
Calculate the remainder when 15423352 is divided by 3319.
3278
What is the remainder when 1959436 is divided by 21?
10
What is the remainder when 317175 is divided by 571?
270
Calculate the remainder when 39423073 is divided by 77.
74
Calculate the remainder when 27740376 is divided by 68.
48
Calculate the remainder when 7843437 is divided by 2614424.
165
Calculate the remainder when 5330761 is divided by 1141.
9
Calculate the remainder when 323482 is divided by 2611.
2329
What is the remainder when 5878407 is divided by 2318?
2277
Calculate the remainder when 17141 is divided by 3112.
1581
What is the remainder when 3682679 is divided by 1?
0
Calculate the remainder when 539275 is divided by 719.
25
What is the remainder when 74750 is divided by 25?
0
Calculate the remainder when 1234942 is divided by 305.
302
Calculate the remainder when 128408 is divided by 128371.
37
Calculate the remainder when 98941 is divided by 97965.
976
Calculate the remainder when 9237014 is divided by 3761.
3759
Calculate the remainder when 203216037 is divided by 115.
112
What is the remainder when 19177871 is divided by 4333?
13
What is the remainder when 1664199 is divided by 182?
173
What is the remainder when 248160 is divided by 82336?
1152
Calculate the remainder when 6419354 is divided by 19.
14
Calculate the remainder when 12135438 is divided by 20.
18
What is the remainder when 48352 is divided by 9582?
442
What is the remainder when 23853927 is divided by 1708?
1707
Calculate the remainder when 674662 is divided by 1237.
497
What is the remainder when 169684 is divided by 24113?
893
What is the remainder when 11649764 is divided by 4378?
4284
What is the remainder when 7247961 is divided by 71?
68
Calculate the remainder when 9373 is divided by 4144.
1085
Calculate the remainder when 623525 is divided by 7.
0
Calculate the remainder when 7619256 is divided by 67427.
5
What is the remainder when 217365 is divided by 8702?
8517
What is the remainder when 18732998 is divided by 52769?
3
Calculate the remainder when 10265536 is divided by 2654.
2518
What is the remainder when 5337414 is divided by 218?
120
What is the remainder when 260640 is divided by 23599?
1051
Calculate the remainder when 8461775 is divided by 9.
2
What is the remainder when 1206328 is divided by 24?
16
Calculate the remainder when 1515183 is divided by 29.
20
Calculate the remainder when 28048576 is divided by 380.
16
What is the remainder when 82621 is divided by 26665?
2626
What is the remainder when 5621611 is divided by 295874?
5
Calculate the remainder when 62118250 is divided by 21.
19
Calculate the remainder when 3402624 is divided by 982.
976
What is the remainder when 82729170 is divided by 2309?
9
Calculate the remainder when 2977328 is divided by 798.
788
Calculate the remainder when 310404 is divided by 14731.
1053
What is the remainder when 553194551 is divided by 204?
203
Calculate the remainder when 61575 is divided by 148.
7
Calculate the remainder when 1654392 is divided by 156.
12
What is the remainder when 23226214 is divided by 204?
202
Calculate the remainder when 35553 is divided by 6884.
1133
Calculate the remainder when 53794367 is divided by 92.
35
Calculate the remainder when 218971132 is divided by 27.
25
What is the remainder when 57371 is divided by 17500?
4871
What is the remainder when 2077741 is divided by 340?
1
What is the remainder when 14308308 is divided by 38?
16
Calculate the remainder when 13460261 is divided by 366.
245
Calculate the remainder when 176379 is divided by 176375.
4
What is the remainder when 27074253 is divided by 423033?
141
What is the remainder when 4538 is divided by 2266?
6
What is the remainder when 203521 is divided by 902?
571
Calculate the remainder when 417199 is divided by 1105.
614
What is the remainder when 3776262 is divided by 155?
152
What is the remainder when 7340740 is divided by 1468146?
10
What is the remainder when 6958185 is divided by 17439?
24
Calculate the remainder when 776785 is divided by 388384.
17
Calculate the remainder when 1503897 is divided by 101.
7
Calculate the remainder when 5850977 is divided by 45.
32
Calculate the remainder when 30612 is divided by 134.
60
What is the remainder when 440719 is divided by 308?
279
What is the remainder when 64991 is divided by 1453?
1059
What is the remainder when 34567 is divided by 6910?
17
What is the remainder when 268799544 is divided by 366?
360
What is the remainder when 9061030 is divided by 292291?
9
Calculate the remainder when 27811 is divided by 131.
39
Calculate the remainder when 1982238 is divided by 118.
74
What is the remainder when 407701 is divided by 203847?
7
What is the remainder when 25806 is divided by 5458?
3974
Calculate the remainder when 35233 is divided by 1991.
1386
Calculate the remainder when 65366 is divided by 250.
116
Calculate the remainder when 62617 is divided by 15635.
77
Calculate the remainder when 30957 is divided by 1453.
444
What is the remainder when 1009900 is divided by 2452?
2128
What is the remainder when 1246655 is divided by 31?
21
What is the remainder when 446762 is divided by 352?
74
What is the remainder when 6017519 is divided by 110?
79
Calculate the remainder when 19104 is divided by 19.
9
What is the remainder when 279800 is divided by 279706?
94
What is the remainder when 6522974 is divided by 51362?
0
What is the remainder when 35883054 is divided by 367?
363
Calculate the remainder when 113705 is divided by 1331.
570
Calculate the remainder when 571587 is divided by 114308.
47
What is the remainder when 1934951 is divided by 908?
3
What is the remainder when 3326343 is divided by 415786?
55
Calculate the remainder when 5555673 is divided by 20.
13
Calculate the remainder when 434227 is divided by 28.
3
What is the remainder when 46346 is divided by 1155?
146
Calculate the remainder when 201431252 is divided by 16.
4
What is the remainder when 613420 is divided by 161?
10
Calculate the remainder when 103651 is divided by 51791.
69
Calculate the remainder when 531692 is divided by 30.
2
Calculate the remainder when 318584 is divided by 885.
869
Calculate the remainder when 9793839 is divided by 170.
139
Calculate the remainder when 161250 is divided by 1204.
1118
Calculate the remainder when 297003 is divided by 73870.
1523
What is the remainder when 3539607 is divided by 1332?
483
Calculate the remainder when 111875 is divided by 18644.
11
What is the remainder when 1287511 is divided by 1249?
1041
Calculate the remainder when 6777955 is divided by 14.
9
What is the remainder when 637268 is divided by 13558?
42
Calculate the remainder when 5978590 is divided by 68.
30
Calculate the remainder when 32130936 is divided by 16065460.
16
Calculate the remainder when 23585 is divided by 7812.
149
Calculate the remainder when 4010951 is divided by 86.
83
What is the remainder when 7501602 is divided by 8?
2
What is the remainder when 5695426 is divided by 183722?
44
What is the remainder when 48288701 is divided by 32?
29
Calculate the remainder when 338005231 is divided by 9.
7
What is the remainder when 386436 is divided by 11710?
6
What is the remainder when 646793 is divided by 1356?
1337
Calculate the remainder when 1909915 is divided by 879.
727
Calculate the remainder when 16778 is divided by 16539.
239
Calculate the remainder when 164061405 is divided by 56.
53
What is the remainder when 195357377 is divided by 610?
607
